{"id":666,"date":"2025-06-16T16:33:29","date_gmt":"2025-06-16T19:33:29","guid":{"rendered":"https:\/\/dsalt.ciencias.ubiobio.cl\/?page_id=666"},"modified":"2025-06-17T17:12:59","modified_gmt":"2025-06-17T20:12:59","slug":"jcamano-2","status":"publish","type":"page","link":"https:\/\/dsalt.ciencias.ubiobio.cl\/index.php\/jcamano-2\/","title":{"rendered":"jcamano"},"content":{"rendered":"\t\t<div data-elementor-type=\"wp-page\" data-elementor-id=\"666\" class=\"elementor elementor-666\">\n\t\t\t\t<div class=\"elementor-element elementor-element-0bf41d1 e-flex e-con-boxed e-con e-parent\" data-id=\"0bf41d1\" data-element_type=\"container\">\n\t\t\t\t\t<div class=\"e-con-inner\">\n\t\t<div class=\"elementor-element elementor-element-482f327 e-con-full e-flex e-con e-child\" data-id=\"482f327\" data-element_type=\"container\">\n\t\t\t\t<div class=\"elementor-element elementor-element-e3bcb69 eael-team-align-eael-team-align-default elementor-widget elementor-widget-eael-team-member\" data-id=\"e3bcb69\" data-element_type=\"widget\" data-widget_type=\"eael-team-member.default\">\n\t\t\t\t<div class=\"elementor-widget-container\">\n\t\t\t\t\t\n\n\t<div id=\"eael-team-member-e3bcb69\" class=\"eael-team-item eael-team-members-simple \">\n\t\t<div class=\"eael-team-item-inner\">\n\t\t\t<div class=\"eael-team-image\">\n\t\t\t\t<figure>\n\t\t\t\t\t\t\t\t\t\t<img decoding=\"async\" src=\"https:\/\/dsalt.ciencias.ubiobio.cl\/wp-content\/uploads\/2025\/06\/jcamano.jpg\" alt=\"\">\n\t\t\t\t\t\t\t\t\t<\/figure>\n\t\t\t\t\n\t\t\t\t\n\t\t\t<\/div>\n\n\t\t\t<div class=\"eael-team-content\">\n\t\t\t\t<h2 class=\"eael-team-member-name\">Dra. Jessika Cama\u00f1o Valenzuela<\/h2><h3 class=\"eael-team-member-position\">Investigadora<\/h3>\n\t\t\t\t\t\t\t\t\t\t\t\t\t\t<p class=\"eael-team-text\">Departamento de Matem\u00e1tica y F\u00edsica Aplicadas Facultad de Ingenier\u00eda UCSC<\/p>\n\t\t\t\t\t\t\t<\/div>\n\t\t<\/div>\n\t<\/div>\n\t\t\t\t\t<\/div>\n\t\t\t\t<\/div>\n\t\t\t\t<\/div>\n\t\t<div class=\"elementor-element elementor-element-81e7b18 e-con-full e-flex e-con e-child\" data-id=\"81e7b18\" data-element_type=\"container\">\n\t\t<div class=\"elementor-element elementor-element-7552297 e-con-full e-flex e-con e-child\" data-id=\"7552297\" data-element_type=\"container\">\n\t\t\t\t<div class=\"elementor-element elementor-element-216bc18 elementor-widget elementor-widget-text-editor\" data-id=\"216bc18\" data-element_type=\"widget\" data-widget_type=\"text-editor.default\">\n\t\t\t\t<div class=\"elementor-widget-container\">\n\t\t\t\t\t\t\t\t\t<p><em><strong>&#8220;Esperamos poder colaborar desde nuestra expertise con el pa\u00eds y el mundo, dise\u00f1ando, analizando y posteriormente creando c\u00f3digos que permitan predecir ciertos fen\u00f3menos asociados a procesos de desalinizaci\u00f3n.&#8221; <\/strong><\/em><\/p>\t\t\t\t\t\t\t\t<\/div>\n\t\t\t\t<\/div>\n\t\t\t\t<\/div>\n\t\t\t\t<div class=\"elementor-element elementor-element-615652c elementor-widget-divider--view-line elementor-widget elementor-widget-divider\" data-id=\"615652c\" data-element_type=\"widget\" data-widget_type=\"divider.default\">\n\t\t\t\t<div class=\"elementor-widget-container\">\n\t\t\t\t\t\t\t<div class=\"elementor-divider\">\n\t\t\t<span class=\"elementor-divider-separator\">\n\t\t\t\t\t\t<\/span>\n\t\t<\/div>\n\t\t\t\t\t\t<\/div>\n\t\t\t\t<\/div>\n\t\t<div class=\"elementor-element elementor-element-c9a1b87 e-con-full e-flex e-con e-child\" data-id=\"c9a1b87\" data-element_type=\"container\">\n\t\t\t\t<div class=\"elementor-element elementor-element-74675e5 elementor-widget elementor-widget-text-editor\" data-id=\"74675e5\" data-element_type=\"widget\" data-widget_type=\"text-editor.default\">\n\t\t\t\t<div class=\"elementor-widget-container\">\n\t\t\t\t\t\t\t\t\t<p>Especialista en el An\u00e1lisis Num\u00e9rico de Ecuaciones Parciales, la Profesora Cama\u00f1o es actualmente investigadora principal del Centro de Modelamiento Matem\u00e1tico de la U. de Chile e investigadora asociada externa del Centro de investigaci\u00f3n en Ingenier\u00eda Matem\u00e1tica de la UdeC, instituci\u00f3n donde en 2013 obtuvo el m\u00e1ximo grado acad\u00e9mico en el programa de Doctorado en Ciencias Aplicadas con menci\u00f3n en Ingenier\u00eda Matem\u00e1tica.<\/p><p>\u00a0<\/p><h5>Contacto<\/h5><p><a href=\"mailto:jecamano@ucsc.cl ?Subject=Mensaje%20desde%20Web%20dsalt.cl\" target=\"new\"><i class=\"fa fa-envelope-o\" aria-hidden=\"true\"><\/i>\u00a0jecamano@ucsc.cl<\/a><br \/><a href=\"https:\/\/www.ci2ma.udec.cl\/jcamano\/\" target=\"new\"><i class=\"fa fa-globe\" aria-hidden=\"true\"><\/i>\u00a0Sitio Web<\/a><br \/><a href=\"https:\/\/orcid.org\/0000-0001-7742-2250\" target=\"new\"><i class=\"fa fa-globe\" aria-hidden=\"true\"><\/i>\u00a0OrcID<\/a><br \/><a href=\"https:\/\/www.researchgate.net\/profile\/Jessika-Camano\" target=\"new\"><i class=\"fa fa-globe\" aria-hidden=\"true\"><\/i>\u00a0Researchgate<\/a><\/p>\t\t\t\t\t\t\t\t<\/div>\n\t\t\t\t<\/div>\n\t\t\t\t<\/div>\n\t\t\t\t<\/div>\n\t\t\t\t\t<\/div>\n\t\t\t\t<\/div>\n\t\t<div class=\"elementor-element elementor-element-cff21f8 e-flex e-con-boxed e-con e-parent\" data-id=\"cff21f8\" data-element_type=\"container\">\n\t\t\t\t\t<div class=\"e-con-inner\">\n\t\t\t\t<div class=\"elementor-element elementor-element-d389c12 elementor-widget-divider--view-line elementor-widget elementor-widget-divider\" data-id=\"d389c12\" data-element_type=\"widget\" data-widget_type=\"divider.default\">\n\t\t\t\t<div class=\"elementor-widget-container\">\n\t\t\t\t\t\t\t<div class=\"elementor-divider\">\n\t\t\t<span class=\"elementor-divider-separator\">\n\t\t\t\t\t\t<\/span>\n\t\t<\/div>\n\t\t\t\t\t\t<\/div>\n\t\t\t\t<\/div>\n\t\t\t\t\t<\/div>\n\t\t\t\t<\/div>\n\t\t<div class=\"elementor-element elementor-element-1cc85ed e-flex e-con-boxed e-con e-parent\" data-id=\"1cc85ed\" data-element_type=\"container\">\n\t\t\t\t\t<div class=\"e-con-inner\">\n\t\t<div class=\"elementor-element elementor-element-eaf6ac3 e-grid e-con-full e-con e-child\" data-id=\"eaf6ac3\" data-element_type=\"container\">\n\t\t\t\t<div class=\"elementor-element elementor-element-fc9b680 elementor-widget elementor-widget-text-editor\" data-id=\"fc9b680\" data-element_type=\"widget\" data-widget_type=\"text-editor.default\">\n\t\t\t\t<div class=\"elementor-widget-container\">\n\t\t\t\t\t\t\t\t\t<h5><strong>Grados Acad\u00e9micos<\/strong><\/h5><p>\u00b7 Dra. en Cs. Aplicadas c\/m Ingenier\u00eda Matem\u00e1tica, Universidad de Concepci\u00f3n (2013).<\/p><p>\u00b7 Magister en Matem\u00e1tica, Universidad de Concepci\u00f3n (2008).<\/p><p>\u00b7 Licenciada en Matem\u00e1tica, Universidad de Concepci\u00f3n (2006).<\/p>\t\t\t\t\t\t\t\t<\/div>\n\t\t\t\t<\/div>\n\t\t\t\t<div class=\"elementor-element elementor-element-8826eae elementor-widget elementor-widget-text-editor\" data-id=\"8826eae\" data-element_type=\"widget\" data-widget_type=\"text-editor.default\">\n\t\t\t\t<div class=\"elementor-widget-container\">\n\t\t\t\t\t\t\t\t\t<h5>Posiciones<\/h5><p>\u00b7 Profesora Asociada &#8211; Departamento de Matem\u00e1tica y F\u00edsica Aplicadas, Universidad Cat\u00f3lica de la Sant\u00edsima Concepci\u00f3n, Chile &#8211; 2020 a la fecha.<\/p><p>\u00b7 Profesora Asistente &#8211; Departamento de Matem\u00e1tica y F\u00edsica Aplicadas, Universidad Cat\u00f3lica de la Sant\u00edsima Concepci\u00f3n, Chile &#8211; 2017 a 2020.<\/p><p>\u00b7 Profesora Auxiliar &#8211; Departamento de Matem\u00e1tica y F\u00edsica Aplicadas, Universidad Cat\u00f3lica de la Sant\u00edsima Concepci\u00f3n, Chile &#8211; 2014 a 2017.<\/p><p>\u00b7 Investigadora asociada del Centro de Investigaci\u00f3n en Ingenier\u00eda Matem\u00e1tica, CI\u00b2MA, de la Universidad de Concepci\u00f3n &#8211; 2014 a la fecha.<\/p><p>\u00b7 Investigadora asociada del Centro de Modelamiento Matem\u00e1tico, CMM, de la Universidad de Chile &#8211; 2018 a la fecha.<\/p>\t\t\t\t\t\t\t\t<\/div>\n\t\t\t\t<\/div>\n\t\t\t\t<\/div>\n\t\t\t\t\t<\/div>\n\t\t\t\t<\/div>\n\t\t<div class=\"elementor-element elementor-element-0895717 e-flex e-con-boxed e-con e-parent\" data-id=\"0895717\" data-element_type=\"container\">\n\t\t\t\t\t<div class=\"e-con-inner\">\n\t\t\t\t<div class=\"elementor-element elementor-element-e3ff748 elementor-widget-divider--view-line elementor-widget elementor-widget-divider\" data-id=\"e3ff748\" data-element_type=\"widget\" data-widget_type=\"divider.default\">\n\t\t\t\t<div class=\"elementor-widget-container\">\n\t\t\t\t\t\t\t<div class=\"elementor-divider\">\n\t\t\t<span class=\"elementor-divider-separator\">\n\t\t\t\t\t\t<\/span>\n\t\t<\/div>\n\t\t\t\t\t\t<\/div>\n\t\t\t\t<\/div>\n\t\t\t\t<div class=\"elementor-element elementor-element-638f1ea elementor-widget elementor-widget-text-editor\" data-id=\"638f1ea\" data-element_type=\"widget\" data-widget_type=\"text-editor.default\">\n\t\t\t\t<div class=\"elementor-widget-container\">\n\t\t\t\t\t\t\t\t\t<div class=\"column six\"><div class=\"small-icon-text clear-after\"><p class=\"text-xs\"><b>Pre Publicaciones<\/b><br \/>Lista de Pre-Publicaciones, ordenadas por a\u00f1o de ocurrencia, a partir de 2009, fecha de creaci\u00f3n del Centro de Investigaci\u00f3n en Ingenier\u00eda Matem\u00e1tica (CI\u00b2MA). Al hacer LINK en el n\u00famero de una determinada Pre-Publicaci\u00f3n se obtiene el resumen, el acceso al archivo .pdf respectivo, y la(s) publicaci\u00f3n(es) definitiva(s) a las que ella ha dado origen. A su vez, al hacer LINK en un determinado co-autor se despliegan todas sus Pre-Publicaciones disponibles en esta base de datos.<br \/><br \/><a href=\"https:\/\/www.ci2ma.udec.cl\/publicaciones\/prepublicaciones\/porautor.php?autor=367\" target=\"new\"><i class=\"fa fa-download\" aria-hidden=\"true\"><\/i>\u00a0Ver<\/a><\/p><\/div><\/div><div class=\"column six last\"><div class=\"small-icon red\">\u00a0<\/div><div class=\"small-icon-text clear-after\"><p class=\"text-xs\"><b>Art\u00edculos en Revistas Cient\u00edficas<\/b><br \/>Lista de publicaciones en revistas cient\u00edficas del autor indicado, ordenadas por a\u00f1o de ocurrencia, a partir de 2009, fecha de creaci\u00f3n del Centro de Investigaci\u00f3n en Ingenier\u00eda Matem\u00e1tica (CI\u00b2MA). Al hacer LINK en el logo de MathScinet ubicado a la derecha, se despliegan todas las publicaciones de este autor en dicha base de datos de la AMS. A su vez, al hacer LINK en un determinado co-autor se despliegan todas sus publicaciones disponibles en la presente base de datos.<br \/><br \/><a href=\"https:\/\/www.ci2ma.udec.cl\/publicaciones\/articulosrevistas\/porautor.php?autor=367\" target=\"new\"><i class=\"fa fa-download\" aria-hidden=\"true\"><\/i>\u00a0Ver<\/a><\/p><\/div><\/div>\t\t\t\t\t\t\t\t<\/div>\n\t\t\t\t<\/div>\n\t\t\t\t<div class=\"elementor-element elementor-element-22369b6 elementor-widget-divider--view-line elementor-widget elementor-widget-divider\" data-id=\"22369b6\" data-element_type=\"widget\" data-widget_type=\"divider.default\">\n\t\t\t\t<div class=\"elementor-widget-container\">\n\t\t\t\t\t\t\t<div class=\"elementor-divider\">\n\t\t\t<span class=\"elementor-divider-separator\">\n\t\t\t\t\t\t<\/span>\n\t\t<\/div>\n\t\t\t\t\t\t<\/div>\n\t\t\t\t<\/div>\n\t\t\t\t\t<\/div>\n\t\t\t\t<\/div>\n\t\t\t\t<\/div>\n\t\t","protected":false},"excerpt":{"rendered":"<p>Dra. Jessika Cama\u00f1o Valenzuela Investigadora Departamento de Matem\u00e1tica y F\u00edsica Aplicadas Facultad de Ingenier\u00eda UCSC &#8220;Esperamos poder colaborar desde nuestra [&hellip;]<\/p>\n","protected":false},"author":1,"featured_media":0,"parent":0,"menu_order":0,"comment_status":"closed","ping_status":"closed","template":"","meta":{"_eb_attr":"","_uag_custom_page_level_css":"","site-sidebar-layout":"no-sidebar","site-content-layout":"","ast-site-content-layout":"full-width-container","site-content-style":"default","site-sidebar-style":"default","ast-global-header-display":"","ast-banner-title-visibility":"","ast-main-header-display":"","ast-hfb-above-header-display":"","ast-hfb-below-header-display":"","ast-hfb-mobile-header-display":"","site-post-title":"disabled","ast-breadcrumbs-content":"","ast-featured-img":"disabled","footer-sml-layout":"","theme-transparent-header-meta":"","adv-header-id-meta":"","stick-header-meta":"","header-above-stick-meta":"","header-main-stick-meta":"","header-below-stick-meta":"","astra-migrate-meta-layouts":"default","ast-page-background-enabled":"default","ast-page-background-meta":{"desktop":{"background-color":"var(--ast-global-color-5)","background-image":"","background-repeat":"repeat","background-position":"center center","background-size":"auto","background-attachment":"scroll","background-type":"","background-media":"","overlay-type":"","overlay-color":"","overlay-opacity":"","overlay-gradient":""},"tablet":{"background-color":"","background-image":"","background-repeat":"repeat","background-position":"center center","background-size":"auto","background-attachment":"scroll","background-type":"","background-media":"","overlay-type":"","overlay-color":"","overlay-opacity":"","overlay-gradient":""},"mobile":{"background-color":"","background-image":"","background-repeat":"repeat","background-position":"center center","background-size":"auto","background-attachment":"scroll","background-type":"","background-media":"","overlay-type":"","overlay-color":"","overlay-opacity":"","overlay-gradient":""}},"ast-content-background-meta":{"desktop":{"background-color":"var(--ast-global-color-4)","background-image":"","background-repeat":"repeat","background-position":"center center","background-size":"auto","background-attachment":"scroll","background-type":"","background-media":"","overlay-type":"","overlay-color":"","overlay-opacity":"","overlay-gradient":""},"tablet":{"background-color":"var(--ast-global-color-4)","background-image":"","background-repeat":"repeat","background-position":"center center","background-size":"auto","background-attachment":"scroll","background-type":"","background-media":"","overlay-type":"","overlay-color":"","overlay-opacity":"","overlay-gradient":""},"mobile":{"background-color":"var(--ast-global-color-4)","background-image":"","background-repeat":"repeat","background-position":"center center","background-size":"auto","background-attachment":"scroll","background-type":"","background-media":"","overlay-type":"","overlay-color":"","overlay-opacity":"","overlay-gradient":""}},"footnotes":""},"class_list":["post-666","page","type-page","status-publish","hentry"],"uagb_featured_image_src":{"full":false,"thumbnail":false,"medium":false,"medium_large":false,"large":false,"1536x1536":false,"2048x2048":false},"uagb_author_info":{"display_name":"dsalt","author_link":"https:\/\/dsalt.ciencias.ubiobio.cl\/index.php\/author\/dsalt\/"},"uagb_comment_info":0,"uagb_excerpt":"Dra. Jessika Cama\u00f1o Valenzuela Investigadora Departamento de Matem\u00e1tica y F\u00edsica Aplicadas Facultad de Ingenier\u00eda UCSC &#8220;Esperamos poder colaborar desde nuestra [&hellip;]","_links":{"self":[{"href":"https:\/\/dsalt.ciencias.ubiobio.cl\/index.php\/wp-json\/wp\/v2\/pages\/666","targetHints":{"allow":["GET"]}}],"collection":[{"href":"https:\/\/dsalt.ciencias.ubiobio.cl\/index.php\/wp-json\/wp\/v2\/pages"}],"about":[{"href":"https:\/\/dsalt.ciencias.ubiobio.cl\/index.php\/wp-json\/wp\/v2\/types\/page"}],"author":[{"embeddable":true,"href":"https:\/\/dsalt.ciencias.ubiobio.cl\/index.php\/wp-json\/wp\/v2\/users\/1"}],"replies":[{"embeddable":true,"href":"https:\/\/dsalt.ciencias.ubiobio.cl\/index.php\/wp-json\/wp\/v2\/comments?post=666"}],"version-history":[{"count":7,"href":"https:\/\/dsalt.ciencias.ubiobio.cl\/index.php\/wp-json\/wp\/v2\/pages\/666\/revisions"}],"predecessor-version":[{"id":746,"href":"https:\/\/dsalt.ciencias.ubiobio.cl\/index.php\/wp-json\/wp\/v2\/pages\/666\/revisions\/746"}],"wp:attachment":[{"href":"https:\/\/dsalt.ciencias.ubiobio.cl\/index.php\/wp-json\/wp\/v2\/media?parent=666"}],"curies":[{"name":"wp","href":"https:\/\/api.w.org\/{rel}","templated":true}]}}