{"id":660,"date":"2025-06-16T16:25:09","date_gmt":"2025-06-16T19:25:09","guid":{"rendered":"https:\/\/dsalt.ciencias.ubiobio.cl\/?page_id=660"},"modified":"2025-06-17T12:43:25","modified_gmt":"2025-06-17T15:43:25","slug":"pvenegas-2","status":"publish","type":"page","link":"https:\/\/dsalt.ciencias.ubiobio.cl\/index.php\/pvenegas-2\/","title":{"rendered":"pvenegas"},"content":{"rendered":"\t\t<div data-elementor-type=\"wp-page\" data-elementor-id=\"660\" class=\"elementor elementor-660\">\n\t\t\t\t<div class=\"elementor-element elementor-element-0bf41d1 e-flex e-con-boxed e-con e-parent\" data-id=\"0bf41d1\" data-element_type=\"container\">\n\t\t\t\t\t<div class=\"e-con-inner\">\n\t\t<div class=\"elementor-element elementor-element-482f327 e-con-full e-flex e-con e-child\" data-id=\"482f327\" data-element_type=\"container\">\n\t\t\t\t<div class=\"elementor-element elementor-element-e3bcb69 eael-team-align-eael-team-align-default elementor-widget elementor-widget-eael-team-member\" data-id=\"e3bcb69\" data-element_type=\"widget\" data-widget_type=\"eael-team-member.default\">\n\t\t\t\t<div class=\"elementor-widget-container\">\n\t\t\t\t\t\n\n\t<div id=\"eael-team-member-e3bcb69\" class=\"eael-team-item eael-team-members-simple \">\n\t\t<div class=\"eael-team-item-inner\">\n\t\t\t<div class=\"eael-team-image\">\n\t\t\t\t<figure>\n\t\t\t\t\t\t\t\t\t\t<img decoding=\"async\" src=\"https:\/\/dsalt.ciencias.ubiobio.cl\/wp-content\/uploads\/2025\/06\/pvenegas.jpg\" alt=\"\">\n\t\t\t\t\t\t\t\t\t<\/figure>\n\t\t\t\t\n\t\t\t\t\n\t\t\t<\/div>\n\n\t\t\t<div class=\"eael-team-content\">\n\t\t\t\t<h2 class=\"eael-team-member-name\">Dr. Pablo Venegas T.<\/h2><h3 class=\"eael-team-member-position\">Investigador<\/h3>\n\t\t\t\t\t\t\t\t\t\t\t\t\t\t<p class=\"eael-team-text\">Departamento de Matem\u00e1tica Facultad de Ciencias Universidad del B\u00edo-B\u00edo<\/p>\n\t\t\t\t\t\t\t<\/div>\n\t\t<\/div>\n\t<\/div>\n\t\t\t\t\t<\/div>\n\t\t\t\t<\/div>\n\t\t\t\t<\/div>\n\t\t<div class=\"elementor-element elementor-element-81e7b18 e-con-full e-flex e-con e-child\" data-id=\"81e7b18\" data-element_type=\"container\">\n\t\t<div class=\"elementor-element elementor-element-7552297 e-con-full e-flex e-con e-child\" data-id=\"7552297\" data-element_type=\"container\">\n\t\t\t\t<div class=\"elementor-element elementor-element-216bc18 elementor-widget elementor-widget-text-editor\" data-id=\"216bc18\" data-element_type=\"widget\" data-widget_type=\"text-editor.default\">\n\t\t\t\t<div class=\"elementor-widget-container\">\n\t\t\t\t\t\t\t\t\t<p><em><strong>&#8220;Las tecnolog\u00edas utilizadas en procesos de desalinizaci\u00f3n presentan diferentes desaf\u00edos desde el punto de vista computacional. Estamos interesados en proponer m\u00e9todos num\u00e9ricos para resolver problemas con simetr\u00eda cil\u00edndrica relacionados con los procesos de desalinizaci\u00f3n. Estos modelos permiten reducir sustancialmente la complejidad computacional de los sistemas de estudio.&#8221;<\/strong><\/em><\/p>\t\t\t\t\t\t\t\t<\/div>\n\t\t\t\t<\/div>\n\t\t\t\t<\/div>\n\t\t\t\t<div class=\"elementor-element elementor-element-615652c elementor-widget-divider--view-line elementor-widget elementor-widget-divider\" data-id=\"615652c\" data-element_type=\"widget\" data-widget_type=\"divider.default\">\n\t\t\t\t<div class=\"elementor-widget-container\">\n\t\t\t\t\t\t\t<div class=\"elementor-divider\">\n\t\t\t<span class=\"elementor-divider-separator\">\n\t\t\t\t\t\t<\/span>\n\t\t<\/div>\n\t\t\t\t\t\t<\/div>\n\t\t\t\t<\/div>\n\t\t<div class=\"elementor-element elementor-element-c9a1b87 e-con-full e-flex e-con e-child\" data-id=\"c9a1b87\" data-element_type=\"container\">\n\t\t\t\t<div class=\"elementor-element elementor-element-74675e5 elementor-widget elementor-widget-text-editor\" data-id=\"74675e5\" data-element_type=\"widget\" data-widget_type=\"text-editor.default\">\n\t\t\t\t<div class=\"elementor-widget-container\">\n\t\t\t\t\t\t\t\t\t<p>El \u00e1rea de investigaci\u00f3n del doctor Venegas es el An\u00e1lisis Num\u00e9rico de Ecuaciones Diferenciales Parciales, en particular el estudio de problemas espectrales, interacci\u00f3n Fluido-Estructura, electromagnetismo computacional y formulaciones con simetr\u00eda axial. Ha participado como co-investigador, investigador principal e investigador asociado en diversos proyectos desde el a\u00f1o 2016. Actualmente, es Investigador principal del Proyecto FONDECYT Regular N\u00b01211030: M\u00e9todos num\u00e9ricos para problemas de interacci\u00f3n fluido-estructura (2021-2025), Investigador asociado en el Proyecto Anillo dsalt: Matem\u00e1tica computacional para procesos de desalinizaci\u00f3n (2021-2024), Investigador asociado del Programa PIA FB210005: Concurso Nacional de Financiamiento Basal para CCTE 2021: Centro de Modelamiento Matem\u00e1tico (2021-2026) y Co-investigador del proyecto: Modelado, simulaci\u00f3n, optimizaci\u00f3n y control. Aplicaciones en Ciencia e Industria (2022-2026) en colaboraci\u00f3n con el grupo de Matem\u00e1tica Aplicada de la Universidad de Santiago de Compostela, Espa\u00f1a.<\/p><h5>Contacto<\/h5><p><a href=\"mailto:pvenegas@ubiobio.cl  ?Subject=Mensaje%20desde%20Web%20dsalt.cl\" target=\"new\"><i class=\"fa fa-envelope-o\" aria-hidden=\"true\"><\/i>\u00a0pvenegas@ubiobio.cl<\/a><br \/><a href=\"http:\/\/orcid.org\/0000-0001-8116-3263\" target=\"new\"><i class=\"fa fa-globe\" aria-hidden=\"true\"><\/i>\u00a0OrcID<\/a><\/p>\t\t\t\t\t\t\t\t<\/div>\n\t\t\t\t<\/div>\n\t\t\t\t<\/div>\n\t\t\t\t<\/div>\n\t\t\t\t\t<\/div>\n\t\t\t\t<\/div>\n\t\t<div class=\"elementor-element elementor-element-b6f4176 e-flex e-con-boxed e-con e-parent\" data-id=\"b6f4176\" data-element_type=\"container\">\n\t\t\t\t\t<div class=\"e-con-inner\">\n\t\t\t\t<div class=\"elementor-element elementor-element-28de136 elementor-widget-divider--view-line elementor-widget elementor-widget-divider\" data-id=\"28de136\" data-element_type=\"widget\" data-widget_type=\"divider.default\">\n\t\t\t\t<div class=\"elementor-widget-container\">\n\t\t\t\t\t\t\t<div class=\"elementor-divider\">\n\t\t\t<span class=\"elementor-divider-separator\">\n\t\t\t\t\t\t<\/span>\n\t\t<\/div>\n\t\t\t\t\t\t<\/div>\n\t\t\t\t<\/div>\n\t\t\t\t\t<\/div>\n\t\t\t\t<\/div>\n\t\t<div class=\"elementor-element elementor-element-1cc85ed e-flex e-con-boxed e-con e-parent\" data-id=\"1cc85ed\" data-element_type=\"container\">\n\t\t\t\t\t<div class=\"e-con-inner\">\n\t\t<div class=\"elementor-element elementor-element-eaf6ac3 e-grid e-con-full e-con e-child\" data-id=\"eaf6ac3\" data-element_type=\"container\">\n\t\t\t\t<div class=\"elementor-element elementor-element-fc9b680 elementor-widget elementor-widget-text-editor\" data-id=\"fc9b680\" data-element_type=\"widget\" data-widget_type=\"text-editor.default\">\n\t\t\t\t<div class=\"elementor-widget-container\">\n\t\t\t\t\t\t\t\t\t<h5>Grados Acad\u00e9micos<\/h5><p>\u00b7 Licenciado en Ciencias de la Ingenier\u00eda Matem\u00e1tica, Universidad de Concepci\u00f3n, Chile, 2009.<\/p><p>\u00b7 Ingeniero Civil Matem\u00e1tico, Universidad de Concepci\u00f3n, Chile, 2009.<\/p><p>\u00b7 Doctor en Ciencias Aplicadas con menci\u00f3n en Ingenier\u00eda Matem\u00e1tica, Universidad de Concepci\u00f3n, Chile, 2013.<\/p>\t\t\t\t\t\t\t\t<\/div>\n\t\t\t\t<\/div>\n\t\t\t\t<div class=\"elementor-element elementor-element-8826eae elementor-widget elementor-widget-text-editor\" data-id=\"8826eae\" data-element_type=\"widget\" data-widget_type=\"text-editor.default\">\n\t\t\t\t<div class=\"elementor-widget-container\">\n\t\t\t\t\t\t\t\t\t<h5>Posiciones<\/h5><p>\u00b7 Profesor Asistente &#8211; Departamento de Matem\u00e1tica, Universidad del B\u00edo-B\u00edo, Chile &#8211; 2016 a la fecha.<\/p><p>\u00b7 Investigador Asociado del Centro de Modelamiento Matem\u00e1tico, CMM, de la Universidad de Chile &#8211; 2022 a la fecha.<\/p>\t\t\t\t\t\t\t\t<\/div>\n\t\t\t\t<\/div>\n\t\t\t\t<\/div>\n\t\t\t\t\t<\/div>\n\t\t\t\t<\/div>\n\t\t<div class=\"elementor-element elementor-element-0895717 e-flex e-con-boxed e-con e-parent\" data-id=\"0895717\" data-element_type=\"container\">\n\t\t\t\t\t<div class=\"e-con-inner\">\n\t\t\t\t<div class=\"elementor-element elementor-element-e3ff748 elementor-widget-divider--view-line elementor-widget elementor-widget-divider\" data-id=\"e3ff748\" data-element_type=\"widget\" data-widget_type=\"divider.default\">\n\t\t\t\t<div class=\"elementor-widget-container\">\n\t\t\t\t\t\t\t<div class=\"elementor-divider\">\n\t\t\t<span class=\"elementor-divider-separator\">\n\t\t\t\t\t\t<\/span>\n\t\t<\/div>\n\t\t\t\t\t\t<\/div>\n\t\t\t\t<\/div>\n\t\t\t\t<div class=\"elementor-element elementor-element-638f1ea elementor-widget elementor-widget-text-editor\" data-id=\"638f1ea\" data-element_type=\"widget\" data-widget_type=\"text-editor.default\">\n\t\t\t\t<div class=\"elementor-widget-container\">\n\t\t\t\t\t\t\t\t\t<h3>Publicaciones<\/h3><p>\u00a0<\/p><div class=\"column six\"><div class=\"small-icon-text clear-after\"><p class=\"text-xs\"><b>Publicaciones<\/b><br \/>Lista de Publicaciones, ordenadas por a\u00f1o de ocurrencia. Ciertas Publicaciones disponen de link a informaci\u00f3n m\u00e1s detallada almacenada en la base de datos.<br \/><br \/><a href=\"http:\/\/ciencias.ubiobio.cl\/pvenegas\/publications.html\" target=\"new\"><i class=\"fa fa-download\" aria-hidden=\"true\"><\/i>\u00a0Ver<\/a><\/p><\/div><\/div>\t\t\t\t\t\t\t\t<\/div>\n\t\t\t\t<\/div>\n\t\t\t\t\t<\/div>\n\t\t\t\t<\/div>\n\t\t\t\t<\/div>\n\t\t","protected":false},"excerpt":{"rendered":"<p>Dr. Pablo Venegas T. Investigador Departamento de Matem\u00e1tica Facultad de Ciencias Universidad del B\u00edo-B\u00edo &#8220;Las tecnolog\u00edas utilizadas en procesos de [&hellip;]<\/p>\n","protected":false},"author":1,"featured_media":0,"parent":0,"menu_order":0,"comment_status":"closed","ping_status":"closed","template":"","meta":{"_eb_attr":"","_uag_custom_page_level_css":"","site-sidebar-layout":"no-sidebar","site-content-layout":"","ast-site-content-layout":"full-width-container","site-content-style":"default","site-sidebar-style":"default","ast-global-header-display":"","ast-banner-title-visibility":"","ast-main-header-display":"","ast-hfb-above-header-display":"","ast-hfb-below-header-display":"","ast-hfb-mobile-header-display":"","site-post-title":"disabled","ast-breadcrumbs-content":"","ast-featured-img":"disabled","footer-sml-layout":"","theme-transparent-header-meta":"","adv-header-id-meta":"","stick-header-meta":"","header-above-stick-meta":"","header-main-stick-meta":"","header-below-stick-meta":"","astra-migrate-meta-layouts":"default","ast-page-background-enabled":"default","ast-page-background-meta":{"desktop":{"background-color":"var(--ast-global-color-5)","background-image":"","background-repeat":"repeat","background-position":"center center","background-size":"auto","background-attachment":"scroll","background-type":"","background-media":"","overlay-type":"","overlay-color":"","overlay-opacity":"","overlay-gradient":""},"tablet":{"background-color":"","background-image":"","background-repeat":"repeat","background-position":"center center","background-size":"auto","background-attachment":"scroll","background-type":"","background-media":"","overlay-type":"","overlay-color":"","overlay-opacity":"","overlay-gradient":""},"mobile":{"background-color":"","background-image":"","background-repeat":"repeat","background-position":"center center","background-size":"auto","background-attachment":"scroll","background-type":"","background-media":"","overlay-type":"","overlay-color":"","overlay-opacity":"","overlay-gradient":""}},"ast-content-background-meta":{"desktop":{"background-color":"var(--ast-global-color-4)","background-image":"","background-repeat":"repeat","background-position":"center center","background-size":"auto","background-attachment":"scroll","background-type":"","background-media":"","overlay-type":"","overlay-color":"","overlay-opacity":"","overlay-gradient":""},"tablet":{"background-color":"var(--ast-global-color-4)","background-image":"","background-repeat":"repeat","background-position":"center center","background-size":"auto","background-attachment":"scroll","background-type":"","background-media":"","overlay-type":"","overlay-color":"","overlay-opacity":"","overlay-gradient":""},"mobile":{"background-color":"var(--ast-global-color-4)","background-image":"","background-repeat":"repeat","background-position":"center center","background-size":"auto","background-attachment":"scroll","background-type":"","background-media":"","overlay-type":"","overlay-color":"","overlay-opacity":"","overlay-gradient":""}},"footnotes":""},"class_list":["post-660","page","type-page","status-publish","hentry"],"uagb_featured_image_src":{"full":false,"thumbnail":false,"medium":false,"medium_large":false,"large":false,"1536x1536":false,"2048x2048":false},"uagb_author_info":{"display_name":"dsalt","author_link":"https:\/\/dsalt.ciencias.ubiobio.cl\/index.php\/author\/dsalt\/"},"uagb_comment_info":0,"uagb_excerpt":"Dr. Pablo Venegas T. Investigador Departamento de Matem\u00e1tica Facultad de Ciencias Universidad del B\u00edo-B\u00edo &#8220;Las tecnolog\u00edas utilizadas en procesos de [&hellip;]","_links":{"self":[{"href":"https:\/\/dsalt.ciencias.ubiobio.cl\/index.php\/wp-json\/wp\/v2\/pages\/660","targetHints":{"allow":["GET"]}}],"collection":[{"href":"https:\/\/dsalt.ciencias.ubiobio.cl\/index.php\/wp-json\/wp\/v2\/pages"}],"about":[{"href":"https:\/\/dsalt.ciencias.ubiobio.cl\/index.php\/wp-json\/wp\/v2\/types\/page"}],"author":[{"embeddable":true,"href":"https:\/\/dsalt.ciencias.ubiobio.cl\/index.php\/wp-json\/wp\/v2\/users\/1"}],"replies":[{"embeddable":true,"href":"https:\/\/dsalt.ciencias.ubiobio.cl\/index.php\/wp-json\/wp\/v2\/comments?post=660"}],"version-history":[{"count":7,"href":"https:\/\/dsalt.ciencias.ubiobio.cl\/index.php\/wp-json\/wp\/v2\/pages\/660\/revisions"}],"predecessor-version":[{"id":724,"href":"https:\/\/dsalt.ciencias.ubiobio.cl\/index.php\/wp-json\/wp\/v2\/pages\/660\/revisions\/724"}],"wp:attachment":[{"href":"https:\/\/dsalt.ciencias.ubiobio.cl\/index.php\/wp-json\/wp\/v2\/media?parent=660"}],"curies":[{"name":"wp","href":"https:\/\/api.w.org\/{rel}","templated":true}]}}